[INFO] cloning repository https://github.com/manpat/toroidal-tiles
[INFO] running `Command { std: "git" "-c" "credential.helper=" "-c" "credential.helper=/workspace/cargo-home/bin/git-credential-null" "clone" "--bare" "https://github.com/manpat/toroidal-tiles" "/workspace/cache/git-repos/https%3A%2F%2Fgithub.com%2Fmanpat%2Ftoroidal-tiles", kill_on_drop: false }`
[INFO] [stderr] Cloning into bare repository '/workspace/cache/git-repos/https%3A%2F%2Fgithub.com%2Fmanpat%2Ftoroidal-tiles'...
[INFO] running `Command { std: "git" "rev-parse" "HEAD", kill_on_drop: false }`
[INFO] [stdout] 3472d0bb98ea0aa922a2c8800925ae16793c3ce1
[INFO] checking manpat/toroidal-tiles against master#cfbc6d4cf1acbac5c025acf8ed68929caa551df3 for pr-75494-beta
[INFO] running `Command { std: "git" "clone" "/workspace/cache/git-repos/https%3A%2F%2Fgithub.com%2Fmanpat%2Ftoroidal-tiles" "/workspace/builds/worker-11/source", kill_on_drop: false }`
[INFO] [stderr] Cloning into '/workspace/builds/worker-11/source'...
[INFO] [stderr] done.
[INFO] validating manifest of git repo https://github.com/manpat/toroidal-tiles on toolchain cfbc6d4cf1acbac5c025acf8ed68929caa551df3
[INFO] running `Command { std: "/workspace/cargo-home/bin/cargo" "+cfbc6d4cf1acbac5c025acf8ed68929caa551df3" "read-manifest" "--manifest-path" "Cargo.toml", kill_on_drop: false }`
[INFO] removed /workspace/builds/worker-11/source/.cargo/config
[INFO] started tweaking git repo https://github.com/manpat/toroidal-tiles
[INFO] finished tweaking git repo https://github.com/manpat/toroidal-tiles
[INFO] tweaked toml for git repo https://github.com/manpat/toroidal-tiles written to /workspace/builds/worker-11/source/Cargo.toml
[INFO] crate git repo https://github.com/manpat/toroidal-tiles already has a lockfile, it will not be regenerated
[INFO] running `Command { std: "/workspace/cargo-home/bin/cargo" "+cfbc6d4cf1acbac5c025acf8ed68929caa551df3" "fetch" "--locked" "--manifest-path" "Cargo.toml", kill_on_drop: false }`
[INFO] [stderr]     Updating git repository `https://github.com/manpat/web-common-rs.git`
[INFO] [stderr]     Updating git repository `https://github.com/manpat/common-rs.git`
[INFO] [stderr]  Downloading crates ...
[INFO] [stderr]   Downloaded png v0.10.0
[INFO] running `Command { std: "docker" "create" "-v" "/var/lib/crater-agent-workspace/builds/worker-11/target:/opt/rustwide/target:rw,Z" "-v" "/var/lib/crater-agent-workspace/builds/worker-11/source:/opt/rustwide/workdir:ro,Z" "-v" "/var/lib/crater-agent-workspace/cargo-home:/opt/rustwide/cargo-home:ro,Z" "-v" "/var/lib/crater-agent-workspace/rustup-home:/opt/rustwide/rustup-home:ro,Z" "-e" "SOURCE_DIR=/opt/rustwide/workdir" "-e" "CARGO_TARGET_DIR=/opt/rustwide/target" "-e" "CARGO_HOME=/opt/rustwide/cargo-home" "-e" "RUSTUP_HOME=/opt/rustwide/rustup-home" "-w" "/opt/rustwide/workdir" "-m" "1610612736" "--user" "0:0" "--network" "none" "rustops/crates-build-env@sha256:a636fd89d022f18117e1dc8fb37a0a009933cdbbe082814857f0e2024962d47c" "/opt/rustwide/cargo-home/bin/cargo" "+cfbc6d4cf1acbac5c025acf8ed68929caa551df3" "metadata" "--no-deps" "--format-version=1", kill_on_drop: false }`
[INFO] [stdout] 04c7a195bc10b0a419d1cb1b72e8aa31ab76300632af352f2da1e8b7e5014336
[INFO] [stderr] WARNING: Your kernel does not support swap limit capabilities or the cgroup is not mounted. Memory limited without swap.
[INFO] running `Command { std: "docker" "start" "-a" "04c7a195bc10b0a419d1cb1b72e8aa31ab76300632af352f2da1e8b7e5014336", kill_on_drop: false }`
[INFO] running `Command { std: "docker" "inspect" "04c7a195bc10b0a419d1cb1b72e8aa31ab76300632af352f2da1e8b7e5014336", kill_on_drop: false }`
[INFO] running `Command { std: "docker" "rm" "-f" "04c7a195bc10b0a419d1cb1b72e8aa31ab76300632af352f2da1e8b7e5014336", kill_on_drop: false }`
[INFO] [stdout] 04c7a195bc10b0a419d1cb1b72e8aa31ab76300632af352f2da1e8b7e5014336
[INFO] running `Command { std: "docker" "create" "-v" "/var/lib/crater-agent-workspace/builds/worker-11/target:/opt/rustwide/target:rw,Z" "-v" "/var/lib/crater-agent-workspace/builds/worker-11/source:/opt/rustwide/workdir:ro,Z" "-v" "/var/lib/crater-agent-workspace/cargo-home:/opt/rustwide/cargo-home:ro,Z" "-v" "/var/lib/crater-agent-workspace/rustup-home:/opt/rustwide/rustup-home:ro,Z" "-e" "SOURCE_DIR=/opt/rustwide/workdir" "-e" "CARGO_TARGET_DIR=/opt/rustwide/target" "-e" "CARGO_INCREMENTAL=0" "-e" "RUST_BACKTRACE=full" "-e" "RUSTFLAGS=--cap-lints=forbid" "-e" "CARGO_HOME=/opt/rustwide/cargo-home" "-e" "RUSTUP_HOME=/opt/rustwide/rustup-home" "-w" "/opt/rustwide/workdir" "-m" "1610612736" "--user" "0:0" "--network" "none" "rustops/crates-build-env@sha256:a636fd89d022f18117e1dc8fb37a0a009933cdbbe082814857f0e2024962d47c" "/opt/rustwide/cargo-home/bin/cargo" "+cfbc6d4cf1acbac5c025acf8ed68929caa551df3" "check" "--frozen" "--all" "--all-targets" "--message-format=json", kill_on_drop: false }`
[INFO] [stdout] e71c4d5ee5bc339587dafc9b19faaa09d8e4ac3525161c663ceedb7bcd8a5739
[INFO] [stderr] WARNING: Your kernel does not support swap limit capabilities or the cgroup is not mounted. Memory limited without swap.
[INFO] running `Command { std: "docker" "start" "-a" "e71c4d5ee5bc339587dafc9b19faaa09d8e4ac3525161c663ceedb7bcd8a5739", kill_on_drop: false }`
[INFO] [stderr]     Checking num-traits v0.2.0
[INFO] [stderr]     Checking bitflags v0.9.1
[INFO] [stderr]    Compiling toroidal-tiles v0.1.0 (/opt/rustwide/workdir)
[INFO] [stderr]     Checking inflate v0.3.4
[INFO] [stderr]     Checking common v0.1.0 (https://github.com/manpat/common-rs.git#a8c71b39)
[INFO] [stdout] error[E0554]: `#![feature]` may not be used on the beta release channel
[INFO] [stdout]  --> /opt/rustwide/cargo-home/git/checkouts/common-rs-f24099189d4075d5/a8c71b3/src/lib.rs:1:1
[INFO] [stdout]   |
[INFO] [stdout] 1 | #![feature(const_fn)]
[INFO] [stdout]   | ^^^^^^^^^^^^^^^^^^^^^
[INFO] [stdout] 
[INFO] [stdout] 
[INFO] [stdout] error[E0554]: `#![feature]` may not be used on the beta release channel
[INFO] [stdout]  --> /opt/rustwide/cargo-home/git/checkouts/common-rs-f24099189d4075d5/a8c71b3/src/lib.rs:2:1
[INFO] [stdout]   |
[INFO] [stdout] 2 | #![feature(box_syntax)]
[INFO] [stdout]   | ^^^^^^^^^^^^^^^^^^^^^^^
[INFO] [stdout] 
[INFO] [stdout] 
[INFO] [stdout] error[E0554]: `#![feature]` may not be used on the beta release channel
[INFO] [stdout]  --> /opt/rustwide/cargo-home/git/checkouts/common-rs-f24099189d4075d5/a8c71b3/src/lib.rs:3:1
[INFO] [stdout]   |
[INFO] [stdout] 3 | #![feature(ord_max_min)]
[INFO] [stdout]   | ^^^^^^^^^^^^^^^^^^^^^^^^
[INFO] [stdout] 
[INFO] [stdout] 
[INFO] [stdout] error[E0554]: `#![feature]` may not be used on the beta release channel
[INFO] [stdout]  --> /opt/rustwide/cargo-home/git/checkouts/common-rs-f24099189d4075d5/a8c71b3/src/lib.rs:4:1
[INFO] [stdout]   |
[INFO] [stdout] 4 | #![feature(slice_patterns)]
[INFO] [stdout]   | ^^^^^^^^^^^^^^^^^^^^^^^^^^^
[INFO] [stdout] 
[INFO] [stdout] 
[INFO] [stdout] error[E0554]: `#![feature]` may not be used on the beta release channel
[INFO] [stdout]  --> /opt/rustwide/cargo-home/git/checkouts/common-rs-f24099189d4075d5/a8c71b3/src/lib.rs:5:1
[INFO] [stdout]   |
[INFO] [stdout] 5 | #![feature(specialization)]
[INFO] [stdout]   | ^^^^^^^^^^^^^^^^^^^^^^^^^^^
[INFO] [stdout] 
[INFO] [stdout] 
[INFO] [stdout] error[E0554]: `#![feature]` may not be used on the beta release channel
[INFO] [stdout]  --> /opt/rustwide/cargo-home/git/checkouts/common-rs-f24099189d4075d5/a8c71b3/src/lib.rs:6:1
[INFO] [stdout]   |
[INFO] [stdout] 6 | #![feature(inclusive_range_syntax)]
[INFO] [stdout]   | ^^^^^^^^^^^^^^^^^^^^^^^^^^^^^^^^^^^
[INFO] [stdout] 
[INFO] [stdout] 
[INFO] [stdout] error[E0554]: `#![feature]` may not be used on the beta release channel
[INFO] [stdout]  --> /opt/rustwide/cargo-home/git/checkouts/common-rs-f24099189d4075d5/a8c71b3/src/lib.rs:7:1
[INFO] [stdout]   |
[INFO] [stdout] 7 | #![feature(generators, generator_trait)]
[INFO] [stdout]   | ^^^^^^^^^^^^^^^^^^^^^^^^^^^^^^^^^^^^^^^^
[INFO] [stdout] 
[INFO] [stdout] 
[INFO] [stdout] error[E0658]: use of unstable library feature 'clamp'
[INFO] [stdout]   --> /opt/rustwide/cargo-home/git/checkouts/common-rs-f24099189d4075d5/a8c71b3/src/math/color.rs:40:13
[INFO] [stdout]    |
[INFO] [stdout] 40 |         let s = s.clamp(0.0, 1.0);
[INFO] [stdout]    |                   ^^^^^
[INFO] [stdout]    |
[INFO] [stdout]    = note: see issue #44095 <https://github.com/rust-lang/rust/issues/44095> for more information
[INFO] [stdout] 
[INFO] [stdout] 
[INFO] [stdout] error[E0658]: use of unstable library feature 'clamp'
[INFO] [stdout]   --> /opt/rustwide/cargo-home/git/checkouts/common-rs-f24099189d4075d5/a8c71b3/src/math/color.rs:41:13
[INFO] [stdout]    |
[INFO] [stdout] 41 |         let v = v.clamp(0.0, 1.0);
[INFO] [stdout]    |                   ^^^^^
[INFO] [stdout]    |
[INFO] [stdout]    = note: see issue #44095 <https://github.com/rust-lang/rust/issues/44095> for more information
[INFO] [stdout] 
[INFO] [stdout] 
[INFO] [stdout] error[E0599]: no method named `resume` found for struct `std::boxed::Box<(dyn std::ops::Generator<Yield = Y, Return = ()> + 'static)>` in the current scope
[INFO] [stdout]   --> /opt/rustwide/cargo-home/git/checkouts/common-rs-f24099189d4075d5/a8c71b3/src/coro.rs:29:61
[INFO] [stdout]    |
[INFO] [stdout] 29 |         if let GeneratorState::Yielded(yielded_value) = self.coro.resume() {
[INFO] [stdout]    |                                                                   ^^^^^^ method not found in `std::boxed::Box<(dyn std::ops::Generator<Yield = Y, Return = ()> + 'static)>`
[INFO] [stdout] 
[INFO] [stdout] 
[INFO] [stdout] error[E0599]: no method named `resume` found for struct `std::boxed::Box<(dyn std::ops::Generator<Yield = Y, Return = ()> + 'static)>` in the current scope
[INFO] [stdout]   --> /opt/rustwide/cargo-home/git/checkouts/common-rs-f24099189d4075d5/a8c71b3/src/coro.rs:42:61
[INFO] [stdout]    |
[INFO] [stdout] 42 |         if let GeneratorState::Yielded(yielded_value) = self.coro.resume() {
[INFO] [stdout]    |                                                                   ^^^^^^ method not found in `std::boxed::Box<(dyn std::ops::Generator<Yield = Y, Return = ()> + 'static)>`
[INFO] [stdout] 
[INFO] [stdout] 
[INFO] [stdout] error[E0599]: no method named `resume` found for type parameter `G` in the current scope
[INFO] [stdout]   --> /opt/rustwide/cargo-home/git/checkouts/common-rs-f24099189d4075d5/a8c71b3/src/coro.rs:78:61
[INFO] [stdout]    |
[INFO] [stdout] 78 |         if let GeneratorState::Yielded(yielded_value) = self.coro.resume() {
[INFO] [stdout]    |                                                                   ^^^^^^ method not found in `G`
[INFO] [stdout]    |
[INFO] [stdout]    = help: items from traits can only be used if the type parameter is bounded by the trait
[INFO] [stdout] help: the following trait defines an item `resume`, perhaps you need to restrict type parameter `G` with it:
[INFO] [stdout]    |
[INFO] [stdout] 73 | impl<Y, G: std::ops::Generator> Iterator for StackCoro<Y, G> where G: Generator<Yield=Y, Return=()> {
[INFO] [stdout]    |         ^^^^^^^^^^^^^^^^^^^^^^
[INFO] [stdout] 
[INFO] [stdout] 
[INFO] [stdout] error[E0599]: no method named `resume` found for type parameter `G` in the current scope
[INFO] [stdout]   --> /opt/rustwide/cargo-home/git/checkouts/common-rs-f24099189d4075d5/a8c71b3/src/coro.rs:91:61
[INFO] [stdout]    |
[INFO] [stdout] 91 |         if let GeneratorState::Yielded(yielded_value) = self.coro.resume() {
[INFO] [stdout]    |                                                                   ^^^^^^ method not found in `G`
[INFO] [stdout]    |
[INFO] [stdout]    = help: items from traits can only be used if the type parameter is bounded by the trait
[INFO] [stdout] help: the following trait defines an item `resume`, perhaps you need to restrict type parameter `G` with it:
[INFO] [stdout]    |
[INFO] [stdout] 87 | impl<Y, G: std::ops::Generator> Iterator for StackCoro<Y, G> where Y: Clone, G: Generator<Yield=Y, Return=()> {
[INFO] [stdout]    |         ^^^^^^^^^^^^^^^^^^^^^^
[INFO] [stdout] 
[INFO] [stdout] 
[INFO] [stdout] error: aborting due to 13 previous errors
[INFO] [stdout] 
[INFO] [stdout] 
[INFO] [stdout] Some errors have detailed explanations: E0554, E0599, E0658.
[INFO] [stdout] 
[INFO] [stdout] For more information about an error, try `rustc --explain E0554`.
[INFO] [stdout] 
[INFO] [stderr] error: could not compile `common`.
[INFO] [stderr] 
[INFO] [stderr] To learn more, run the command again with --verbose.
[INFO] [stderr] warning: build failed, waiting for other jobs to finish...
[INFO] [stderr] error: build failed
[INFO] running `Command { std: "docker" "inspect" "e71c4d5ee5bc339587dafc9b19faaa09d8e4ac3525161c663ceedb7bcd8a5739", kill_on_drop: false }`
[INFO] running `Command { std: "docker" "rm" "-f" "e71c4d5ee5bc339587dafc9b19faaa09d8e4ac3525161c663ceedb7bcd8a5739", kill_on_drop: false }`
[INFO] [stdout] e71c4d5ee5bc339587dafc9b19faaa09d8e4ac3525161c663ceedb7bcd8a5739
